False
Let x(z) = 92061*z - 3944. Is x(3) a prime number?
False
Let h = -33703 + 56604. Is h prime?
True
Let o = -169 - -251. Suppose 5*f = -2*h + o, 3*f + 12 = 5*h - 131. Suppose -34*s + 21 = -h*s. Is s a composite number?
False
Let j = 360 + -1383. Let l = 323 + -627. Let o = l - j. Is o a prime number?
True
Let t(h) = h**3 + 6*h**2 - 5*h + 16. Let p be t(-7). Suppose 2*m + 22 = 2*g, p*g + m = -g + 25. Suppose 9556 = g*j - 18371. Is j a prime number?
False
Suppose 4*b - 16028 = -2*o, -217*b + 222*b - 20057 = 3*o. Is b a prime number?
False
Suppose 0 = -41*v - 51*v + 8396012. Is v prime?
False
Suppose 1154 - 3962 = -13*o. Let j be (-2 + 1 - -2)*89. Let v = o - j. Is v prime?
True
Suppose r - 30 = 4*r. Suppose 64*g + 39*g + 882 = 5*g. Is (g - 587)*r/8 prime?
False
Let g = -58 + 59. Let o(q) = -649*q**2 - 2*q + 1. Let p be o(g). Is -4*3/(-18) + p/(-6) a prime number?
True
Let l(b) = -2*b**3 - 6*b**2 + 13*b + 28. Suppose 14 = -4*v + 2*v. Is l(v) composite?
True
Suppose -5*s = 2*a - 161841, -16*a + 404616 = -11*a - s. Is a prime?
True
Let u be 4*8735/10*10/4. Let x = -676 + u. Is x a composite number?
False
Let k(q) = -1000*q - 99. Let n(z) = z**3 + 7*z**2 + 4*z + 18. Let b be n(-7). Is k(b) prime?
True
Let m(p) = 869*p**2 - 13*p - 61. Is m(-3) a prime number?
False
Suppose -5*w + 80*b - 84*b = -1124981, 0 = 3*b - 12. Is w a composite number?
False
Let v be (-14)/35*60/(-2). Suppose 0 = 5*h + 31797 + 126333. Is (2/(-3))/(v/h) composite?
True
Is ((-1)/(-3) + (-8)/(-12))*(318763 + -502) composite?
True
Suppose 16*z - 22251390 = -118*z + 10643332. Is z composite?
True
Let b(z) be the first derivative of 13*z**3/3 + 23*z**2/2 - 23*z - 4. Suppose -5*k = -4*m + 77, -7*m - 4*k = -3*m - 32. Is b(m) a composite number?
False
Suppose m + 504682 = 32*m - 752647. Is m a prime number?
True
Let x(n) be the third derivative of 19*n**8/6720 + 11*n**6/720 - n**5/120 + n**4/2 - 23*n**2. Let u(f) be the second derivative of x(f). Is u(5) a prime number?
False
Let b = 257138 - -21183. Is b prime?
True
Let u(x) = -x**2 + 17*x - 38. Let d be u(14). Is d/24*-3*-898 - 4 composite?
True
Let n = 74773 + 13816. Is n composite?
False
Suppose -5*i + 0*i = 14*i - 2755. Is i composite?
True
Let k be (1186 + 12/4)*(-3)/1. Let b = -7702 - k. Let p = -2376 - b. Is p prime?
True
Let h(w) = 228*w**2 - 142*w + 4651. Is h(57) a prime number?
False
Suppose -6*k - 88 = -28. Is (k - (-9070)/20)/((-2)/(-4)) a composite number?
False
Suppose 11 + 7 = 3*l - n, 2*l + 3*n = 1. Let p be -9 - (l/10)/((-3)/(-6)). Is 6/p - -148*92/10 a composite number?
False
Suppose -28*t + 63303409 = -16559731. Is t/245 + (-6)/7 a prime number?
False
Let s = 1598 + -1607. Suppose 2*d = -2*b, -3*d + 2 = 2*b - 0. Is 764/d - (s + 12) a prime number?
True
Suppose -w + 13872 + 8597 + 10932 = 0. Is w a composite number?
True
Let a be (-340)/374*(-22)/5. Suppose -10 = f - x, 0 = 3*f + x + 16 - 2. Is 1/12*a - 6724/f composite?
True
Let v(q) = -146*q - 1993. Is v(-18) prime?
False
Let d(j) = 67*j**3 + 5*j**2 + 23*j + 15. Is d(17) prime?
False
Let k(n) = n**3 - 6*n**2 - 8*n + 7. Let d be k(7). Suppose d = -m + 7 + 3. Let p(c) = 138*c + 19. Is p(m) composite?
False
Suppose 24*g - 516830 = 10706986. Is g prime?
False
Let b = 688379 - -96410. Is b prime?
True
Let m(h) = -483*h + 53. Let l(d) = -241*d + 26. Let f(j) = 7*l(j) - 3*m(j). Let b be f(14). Let o = b - -4948. Is o composite?
True
Let n be 2 - 1 - (-8529 + -3). Suppose 87 = k + 85. Suppose -5*t + 5*g = -0*g - 8530, n = 5*t - k*g. Is t composite?
True
Is (1 - 3)*(-14 - 546910/20) composite?
True
Let o be (2/((-4)/9))/(19/38). Let v be (-9)/o*0*(-1)/3. Is 4 + (-2 - -1359) + v/1 a prime number?
True
Let h be (175/10 - 1)*4/3. Suppose h*j = 19*j - 15. Is j/10 - 657/(-6) a prime number?
True
Suppose 23*r + 139 = 24. Is (-1 - r/10)*-4666 a composite number?
False
Is (-779568)/(-15) + 47/(-235) a prime number?
True
Let w(h) = -3*h**3 - 17*h**2 + 160*h - 627. Is w(-59) prime?
True
Suppose 9*p - 110012 = d, 0 = 25*p - 30*p + 4*d + 61135. Is p a composite number?
True
Let z = -133649 - -297186. Is z a prime number?
False
Suppose -48074 = -4*l + 3*n, 4*n = 3*l + 2710 - 38776. Is l prime?
False
Let u(n) = 7585*n**2 + 196*n + 1145. Is u(-6) a prime number?
True
Let c = -105361 + 156440. Is c composite?
True
Let v(d) = -170*d + 787. Is v(-53) a composite number?
True
Suppose 25*o - 2251 - 49715 = 86959. Is o prime?
True
Suppose -a - 4 = -2*l + 3, 4*l = 20. Suppose a*c + 4*q - 21087 = 0, -5*c - 3*q + 28123 = -c. Is c prime?
False
Suppose -17*g - 161 = -24*g. Let x = g + -17. Suppose 3*h + 15 = x*h, 0 = 4*z - 5*h - 2923. Is z composite?
True
Suppose 5*l - 6466 = 229. Is ((-28)/4 + 8)*l a prime number?
False
Let h = -62067 + 104944. Is h a composite number?
True
Suppose -p = 2*p - 3. Let h be p*(4 + 158 + 2). Suppose l - h + 45 = 0. Is l a composite number?
True
Let n = -10 + 10. Is (4 + 5775)/(1 + n) prime?
True
Suppose -24*s - 746558 = -130*s. Is s a composite number?
False
Suppose -5*g = 3*s + 5, 7 = 3*s - 4*s - 3*g. Suppose s*q + d + 4523 - 15416 = 0, 2*q = -d + 4356. Is q a prime number?
True
Is 133685 - (-18)/5*(-12 - (-369)/27) a prime number?
True
Let s = 232 + -230. Suppose 3*o - 1075 = -2*j, j + 695 = 2*o - s*j. Is o composite?
True
Let a = -31 - -46. Let o(p) = p**3 - 14*p**2 - 14*p + 4. Let z be o(a). Suppose -115 = -z*k + 18*k. Is k prime?
False
Suppose 242*s - 286*s + 17685316 = 0. Is s composite?
False
Is 4208106/210 - (-4)/10 a composite number?
True
Let s(l) = -83167*l - 210. Is s(-7) prime?
False
Suppose 2*s + o = -204346 + 693089, s + o - 244372 = 0. Is s prime?
False
Let m = 338 + -335. Suppose -m*c = -5*i + 12574, 3172 = -5*i + 5*c + 15752. Is i prime?
False
Let m(c) = 274*c**3 - 24*c**2 + 220*c - 69. Is m(8) prime?
True
Let r = -103832 + 174991. Is r prime?
False
Let h be (33164*1)/((-48)/(-72)) + 5. Suppose 2*q - 99497 = -25*a + 22*a, -q - 4*a + h = 0. Is q a prime number?
True
Let b be (-5)/225*-4155 + (-4)/(-6). Let a = -6 - -10. Suppose -a*k = -3*k - b. Is k a composite number?
True
Suppose -2*b + 0*b + 5*p = -149955, 4*b - 299985 = -5*p. Suppose 0 = -12*a - 24866 + b. Is a a composite number?
False
Let s = -71 + 119. Suppose 0 = -5*g - g - s. Is ((-10)/g)/(-5)*-1516 prime?
True
Let t = 380 + -367. Is -3299*(t/117 - (-20)/(-18)) prime?
True
Is (-2)/3 + (158487/(-9))/(-1) prime?
True
Let d = -688 + 3377. Let z = -1394 + d. Suppose x - z = -4*x. Is x a composite number?
True
Suppose b + 4 = 0, 3*c - 2 = -b - 3. Let f(w) = -w + 2 - 46*w**2 + 2702*w**2 + c - 1. Is f(1) a prime number?
True
Suppose 2*u = -3*u + 45. Suppose u*c = 3*c. Suppose -316 + 1057 = l - 2*y, c = -2*l - 4*y + 1490. Is l prime?
True
Let b be -1 + 4 - 1276/(-22). Let c = b + -29. Let j = c - 25. Is j a prime number?
True
Let v(a) = 9057*a**3 + 8*a**2 - 22*a + 49. Is v(4) composite?
False
Let i = 12638 + 33741. Is i a prime number?
False
Suppose 280*a + 3666 = 286*a. Let n = a - 142. Is n a prime number?
False
Suppose 89*j = 99*j - 1623950. Is j prime?
False
Let g(i) = -241*i - 6 - 4 + 4 - 8. Let u be g(-12). Let l = 4161 - u. Is l composite?
False
Let h(p) = -582*p**3 - 6*p**2 - 3*p + 12. Let j be h(-3). Suppose 1505*b + j = 1508*b. Is b prime?
True
Suppose 2*z = -3*y + 18 - 2, 0 = -3*y. Suppose -z*r - 29120 = 2*r. Let m = 5633 + r. Is m composite?
True
Suppose 6*i - 3311659 = -1230001. Is i a prime number?
True
Suppose 0 = -2*q + 3 - 5, -5*q - 17 = -4*f. Suppose 0 + 3 = f*l, 4*z + l = 5609. Is z composite?
True
Suppose -2979 + 9684 = 9*t. Is t composite?
True
Let k = 730 + -1918. Suppose r + 495 = 58. Let w = r - k. Is w a composite number?
False
Let b(j) be the second derivative of 3*j**5/5 + j**4/4 - j**3/6 - 5*j**2/2 - j + 7. Is b(4) prime?
False
Suppose 2*r = -2*z + 276591 + 823865, 0 = 5*r + 15. Is z a prime number?
False
Let i be -2 + (8 - (-4 + 21)). Is i/(66/12) - -3595 a prime number?
True
Suppose 6*n - 500619 + 88222 = 168961. Is n composite?
False
Suppose -3*c - c - 4*n = -3776, 5*n = c - 938. Let v(w) = -w - 6. Let d be v(-8). Suppose -2*t + y = -933, d*t + 2*y - c = y. Is t a prime number?
False
Suppose 2*r + z = 3, 3*r = 3*z - 0*z + 27. Suppose 4*t - 5397 = -r*d - 1125, 4*t - 5*d = 4317. Is t a prime number?
False
Let j(b) = -b**3 - 6*b**2 - 2*b + 8. Let v be j(-6). Suppos